{"id":28,"date":"2024-12-18T10:30:48","date_gmt":"2024-12-18T09:30:48","guid":{"rendered":"https:\/\/www2.torsfred.com\/?page_id=28"},"modified":"2026-02-22T18:24:42","modified_gmt":"2026-02-22T17:24:42","slug":"start","status":"publish","type":"page","link":"https:\/\/www.psykolog.torsfred.com\/","title":{"rendered":""},"content":{"rendered":"\n<p>Psykologpraksis med beliggenhet sentralt i Harstad. Psykologspesialist Ranie Torsfred har lang erfaring fra offentlig og privat virksomhet, hovedsaklig med vurdering, utredning og behandling av voksne med psykisk helseutfordringer.<\/p>\n\n\n\n<p>Tilbudet er i hovedsak tiltaket Helse i Arbeid (80%). Henvisninger til dette tilbudet sendes elektronisk direkte til Torsfred. Se egen <a href=\"https:\/\/www.psykolog.torsfred.com\/?page_id=129\" target=\"_blank\" rel=\"noreferrer noopener\">informasjon<\/a>.<\/p>\n\n\n\n<p>For henvisninger til ordin\u00e6r behandling (20%), s\u00e5 skal disse sendes Senter for Psykisk Helse og Rusklinikken S\u00f8r-Troms for vurdering av Rett til N\u00f8dvendig Helsehjelp og deretter videreformidles behandler (ved senteret eller til avtalespesialist).<\/p>\n\n\n\n<p><\/p>\n","protected":false},"excerpt":{"rendered":"<p>Psykologpraksis med beliggenhet sentralt i Harstad. Psykologspesialist Ranie Torsfred har lang erfaring fra offentlig og privat virksomhet, hovedsaklig med vurdering, utredning og behandling av voksne med psykisk helseutfordringer. Tilbudet er i hovedsak tiltaket Helse i Arbeid (80%). Henvisninger til dette tilbudet sendes elektronisk direkte til Torsfred. Se egen informasjon. For&#8230; <a class=\"continue-reading-link\" href=\"https:\/\/www.psykolog.torsfred.com\/\">Continue reading<\/a><\/p>\n","protected":false},"author":1,"featured_media":0,"parent":0,"menu_order":0,"comment_status":"closed","ping_status":"closed","template":"","meta":{"footnotes":""},"class_list":["post-28","page","type-page","status-publish","hentry"],"_links":{"self":[{"href":"https:\/\/www.psykolog.torsfred.com\/index.php?rest_route=\/wp\/v2\/pages\/28","targetHints":{"allow":["GET"]}}],"collection":[{"href":"https:\/\/www.psykolog.torsfred.com\/index.php?rest_route=\/wp\/v2\/pages"}],"about":[{"href":"https:\/\/www.psykolog.torsfred.com\/index.php?rest_route=\/wp\/v2\/types\/page"}],"author":[{"embeddable":true,"href":"https:\/\/www.psykolog.torsfred.com\/index.php?rest_route=\/wp\/v2\/users\/1"}],"replies":[{"embeddable":true,"href":"https:\/\/www.psykolog.torsfred.com\/index.php?rest_route=%2Fwp%2Fv2%2Fcomments&post=28"}],"version-history":[{"count":5,"href":"https:\/\/www.psykolog.torsfred.com\/index.php?rest_route=\/wp\/v2\/pages\/28\/revisions"}],"predecessor-version":[{"id":88,"href":"https:\/\/www.psykolog.torsfred.com\/index.php?rest_route=\/wp\/v2\/pages\/28\/revisions\/88"}],"wp:attachment":[{"href":"https:\/\/www.psykolog.torsfred.com\/index.php?rest_route=%2Fwp%2Fv2%2Fmedia&parent=28"}],"curies":[{"name":"wp","href":"https:\/\/api.w.org\/{rel}","templated":true}]}}