{"id":49,"date":"2024-12-18T11:26:32","date_gmt":"2024-12-18T10:26:32","guid":{"rendered":"https:\/\/www2.torsfred.com\/?page_id=49"},"modified":"2026-02-22T18:26:57","modified_gmt":"2026-02-22T17:26:57","slug":"kontakt","status":"publish","type":"page","link":"https:\/\/www.psykolog.torsfred.com\/?page_id=49","title":{"rendered":"KONTAKT"},"content":{"rendered":"\n<figure class=\"wp-block-image\"><a href=\"https:\/\/www.psykolog.torsfred.com\/wp-content\/uploads\/2023\/10\/IMG_0772.jpeg\"><img decoding=\"async\" src=\"https:\/\/www.psykolog.torsfred.com\/wp-content\/uploads\/2023\/10\/IMG_0772-269x300.jpeg\" alt=\"\" class=\"wp-image-264\"\/><\/a><\/figure>\n\n\n\n<p><strong>Psykologspesialist Ranie Torsfred AS<\/strong><\/p>\n\n\n\n<p>Praksisen er lokalisert i Spesialistklinikken, H\u00e5konsgate 4 i Harstad. Felles venterom.<\/p>\n\n\n\n<p>Bes\u00f8ksadresse: H\u00e5konsgate 4, 9405 Harstad.<\/p>\n\n\n\n<p>Postadresse: H\u00e5konsgate 4, 9405 Harstad.<\/p>\n\n\n\n<p>Org. nr: 921814194<\/p>\n\n\n\n<figure class=\"wp-block-image\"><a href=\"http:\/\/www.psykolog.torsfred.com\/wp-content\/uploads\/2019\/04\/spesialistklinikken_adresse.png\"><img decoding=\"async\" src=\"http:\/\/www.psykolog.torsfred.com\/wp-content\/uploads\/2019\/04\/spesialistklinikken_adresse-300x204.png\" alt=\"\" class=\"wp-image-124\"\/><\/a><\/figure>\n\n\n\n<p><strong>\u00c5pningstider<\/strong><\/p>\n\n\n\n<p>Mandag-Fredag 0800-1600.<\/p>\n\n\n\n<p>\u00c5pningstider i ferier og h\u00f8ytider gis n\u00e6rmere beskjed om i timen.<\/p>\n\n\n\n<p>Telefon: + 47 481 14 276<\/p>\n\n\n\n<p>Telefontid: mandag klokken 1200-1230.<\/p>\n\n\n\n<p>Telefonen er ubetjent utenom kontortid.<\/p>\n\n\n\n<p>E-post: <a href=\"mailto:psykolog@torsfred.com\">psykolog@torsfred.com<\/a><\/p>\n\n\n\n<p>Ikke send sensitive opplysninger per mail.<\/p>\n\n\n\n<p><\/p>\n","protected":false},"excerpt":{"rendered":"<p>Psykologspesialist Ranie Torsfred AS Praksisen er lokalisert i Spesialistklinikken, H\u00e5konsgate 4 i Harstad. Felles venterom. Bes\u00f8ksadresse: H\u00e5konsgate 4, 9405 Harstad. Postadresse: H\u00e5konsgate 4, 9405 Harstad. Org. nr: 921814194 \u00c5pningstider Mandag-Fredag 0800-1600. \u00c5pningstider i ferier og h\u00f8ytider gis n\u00e6rmere beskjed om i timen. Telefon: + 47 481 14 276 Telefontid: mandag&#8230; <a class=\"continue-reading-link\" href=\"https:\/\/www.psykolog.torsfred.com\/?page_id=49\">Continue reading<\/a><\/p>\n","protected":false},"author":1,"featured_media":0,"parent":0,"menu_order":0,"comment_status":"closed","ping_status":"closed","template":"","meta":{"footnotes":""},"class_list":["post-49","page","type-page","status-publish","hentry"],"_links":{"self":[{"href":"https:\/\/www.psykolog.torsfred.com\/index.php?rest_route=\/wp\/v2\/pages\/49","targetHints":{"allow":["GET"]}}],"collection":[{"href":"https:\/\/www.psykolog.torsfred.com\/index.php?rest_route=\/wp\/v2\/pages"}],"about":[{"href":"https:\/\/www.psykolog.torsfred.com\/index.php?rest_route=\/wp\/v2\/types\/page"}],"author":[{"embeddable":true,"href":"https:\/\/www.psykolog.torsfred.com\/index.php?rest_route=\/wp\/v2\/users\/1"}],"replies":[{"embeddable":true,"href":"https:\/\/www.psykolog.torsfred.com\/index.php?rest_route=%2Fwp%2Fv2%2Fcomments&post=49"}],"version-history":[{"count":3,"href":"https:\/\/www.psykolog.torsfred.com\/index.php?rest_route=\/wp\/v2\/pages\/49\/revisions"}],"predecessor-version":[{"id":94,"href":"https:\/\/www.psykolog.torsfred.com\/index.php?rest_route=\/wp\/v2\/pages\/49\/revisions\/94"}],"wp:attachment":[{"href":"https:\/\/www.psykolog.torsfred.com\/index.php?rest_route=%2Fwp%2Fv2%2Fmedia&parent=49"}],"curies":[{"name":"wp","href":"https:\/\/api.w.org\/{rel}","templated":true}]}}